 - 137 = -v. Let b be 186 + -2 + (-2)/2. Let w = b - v. What is the highest common factor of 8 and w?
8
Let r(h) = -h**2 - 20*h - 6. Let a be r(-17). Calculate the greatest common divisor of 9 and a.
9
Let w be (-16)/(-1)*(-30)/(-8). What is the highest common factor of w and 15?
15
Suppose -90 = -4*p - 5*p. Calculate the highest common divisor of 20 and p.
10
Let h(f) = -3*f**3 + 2*f**2 + 2. Let q be h(-2). Suppose -1 = 3*s - q. Let r(k) = -43*k + 2. Let b be r(-2). What is the greatest common divisor of b and s?
11
Let j(z) = -20*z - 39. Let g be j(-19). Calculate the highest common divisor of g and 31.
31
Suppose 4*c = 3*t + 24, -3*c + 8*t + 29 = 3*t. Suppose -c*i + 6*i = -12. Let k be i/(-10) - (-215)/25. Calculate the highest common divisor of k and 45.
9
Let k = -8 + 12. Suppose 3*t - 3*x = 24, 2*t + x - 5*x = 14. Suppose -26 = -5*i + 2*c - t, 4*c = -k*i + 36. Calculate the highest common factor of 20 and i.
5
Suppose 10*m - 99 = 111. Calculate the highest common divisor of m and 63.
21
Let j(r) = -r - 2. Suppose -h + 3*h + 4 = 0. Let c be j(h). Suppose c = 4*f + 4*m + 12, -f - m = 2*f + 1. What is the greatest common factor of f and 8?
1
Let z(v) = 2*v**2 + 2*v. Let o be z(6). Calculate the greatest common divisor of 12 and o.
12
Suppose -11 = -h - 4*t, -4*h + t = -0*t - 10. Let q be (0 - 3)*80/h. Let a be 12/(-10)*q/6. What is the greatest common divisor of a and 112?
16
Let v = -2 + 1. Let w = -5 - v. Let i = 8 + w. Calculate the greatest common factor of i and 16.
4
Let r(x) = -x**2 - 3*x - 1. Let j be r(-2). Let d(n) = 6*n - 1. Let s be -4*-2*(-3)/(-12). Let m be d(s). Calculate the highest common divisor of j and m.
1
Suppose 104 = 5*x - 1376. Let n = x - 107. What is the greatest common factor of n and 21?
21
Suppose -5*o + a = -32, o + 0*a - 16 = 5*a. What is the highest common factor of o and 12?
6
Let t be 9429/126 - 2/(-12). What is the greatest common divisor of t and 50?
25
Let d = 4 + -3. Let j = d - 0. Let n be j/(((-1)/(-12))/1). Calculate the highest common divisor of 6 and n.
6
Let z = 30 + -28. Suppose -6*x = -x - 110. What is the greatest common divisor of z and x?
2
Let u(c) be the first derivative of -3*c**2 - 4. Let t be u(-1). Calculate the highest common factor of 1 and t.
1
Let r = 52 + -17. Calculate the highest common factor of 5 and r.
5
Suppose o + 2*k + 0*k - 108 = 0, 4*k = 16. What is the greatest common divisor of 20 and o?
20
Let d be 2/(-8) + -34*(-17)/8. Suppose k = 4*v + v - 60, -v - 4*k = -12. What is the highest common divisor of v and d?
12
Let k be (-4)/10 + (-33)/5. Let d = -13 - k. Let t be 1054/14 + d/21. Calculate the highest common factor of t and 30.
15
Suppose -6*z = -z - 75. Suppose g = z - 6. Calculate the highest common divisor of g and 99.
9
Suppose -2*c - 2*i = -64, -40 = -c - 4*i - i. Suppose c = t + 4*t. What is the greatest common factor of 48 and t?
6
Suppose 4*r - 5*m - 42 = -2*m, -m - 20 = -2*r. Calculate the highest common divisor of r and 45.
9
Let b(g) = -56*g. Suppose 0 = -3*n - 25 + 10. Let q = -6 - n. Let x be b(q). Calculate the greatest common factor of 8 and x.
8
Let h = 1373 - 975. Let q be (-3)/6 + h/4. Let s be 9*(-1)/3*-3. Calculate the greatest common divisor of s and q.
9
Suppose 0 = -2*r + 97 + 43. What is the highest common divisor of 28 and r?
14
Let f = 27 - 18. Suppose 6 = -5*t - 2*k, -10 = 4*k - f*k. Let d be -33*(-1 - t/6). Calculate the highest common factor of d and 55.
11
Let m(y) = y**3 - 6*y**2 - 2*y - 14. Let u be m(7). What is the greatest common factor of u and 7?
7
Suppose -b + 5*w + 35 = -0*w, -b + 2*w = -32. What is the highest common divisor of b and 75?
15
Let a be -4 - (-1*44 - 4). What is the highest common factor of a and 4?
4
Let r = 6 - 4. Suppose 0 = 5*c - r*c - 105. Calculate the greatest common factor of c and 14.
7
Let r(l) = -l**2 + 21*l - 26. Let x be r(18). Calculate the greatest common factor of x and 84.
28
Let t be 4 - 1 - (-2)/2. Suppose d - 10 = -v + t*d, 3*v + d = 20. Let o = v + -4. What is the greatest common factor of o and 9?
3
Suppose -21*o + 312 + 129 = 0. What is the highest common divisor of 105 and o?
21
Suppose 0 = 3*m + 5*v - 2*v - 12, -2*m = -3*v + 2. Suppose 3*k + n = 125, -k - 55 = -m*k - 3*n. Calculate the greatest common divisor of 10 and k.
10
Let l = 48 - 23. What is the highest common divisor of 25 and l?
25
Suppose -6*y = -4*y + 26. Let z = 52 + y. Calculate the greatest common divisor of 26 and z.
13
Suppose 4*n - 11 = 9. Suppose -o = -0*g - g + 8, 0 = -g - n*o - 16. What is the greatest common divisor of 4 and g?
4
Suppose 0 = -h - 2*j + 56, -5*h + 3*j + 47 = -259. Let v = h + 69. Suppose -5*m = -2*n - v, 11 - 1 = -5*n. What is the highest common factor of 25 and m?
25
Suppose -w = y + 2*y - 48, -5*y - 5*w + 90 = 0. Calculate the highest common divisor of y and 45.
15
Let t = 2 + 6. Suppose -y + 29 = -3. Calculate the highest common factor of y and t.
8
Let l be 2/(-6) + 52/12. Suppose 0 = -q - l. Let p be q/((-48)/(-9))*-12. What is the greatest common factor of p and 18?
9
Suppose 4*l - 2*l - 19 = -m, 4*m + 5*l = 61. Calculate the highest common factor of 3 and m.
3
Let f = 54 + -40. Calculate the greatest common factor of 4 and f.
2
Let c(j) = -j**3 + 7*j**2 + 5. Let h be c(7). Let x = h - 4. What is the greatest common factor of 1 and x?
1
Suppose -114 = -2*p + 60. Suppose 2*z + d = p, -2*z + 117 = -5*d - 0*d. Let q = 61 + 8. Calculate the greatest common divisor of z and q.
23
Let u(k) = k**2 - k + 3. Let q be u(3). Let v = q - 9. Suppose v = 4*m - 3*m - 2. Calculate the highest common factor of 10 and m.
2
Let l(i) = -2*i + 36. Let d be l(0). What is the highest common factor of 9 and d?
9
Suppose -l = 5*v - 50, 0 = l - 2*v - v - 50. Suppose 3*q = q + 78. Let o = -19 + q. What is the greatest common factor of l and o?
10
Suppose 5*x + 93 = 4*w, 0*x + 25 = -5*x. Let d be (1 + 1)*(-34)/(-4). What is the highest common divisor of w and d?
17
Let f(i) = 12*i. Let x be f(2). Let s = 36 - x. Calculate the highest common divisor of s and 60.
12
Let h = 894 + -619. Calculate the greatest common factor of 25 and h.
25
Let y = 39 - 26. Suppose 5*o + 4*a = 4 + y, 9 = 3*a. Calculate the highest common factor of 5 and o.
1
Suppose -4*x = -3*x - 16. What is the highest common divisor of 16 and x?
16
Suppose 7*w - 12*w + 10 = 0. Let l be w/9 - (-673)/9. Calculate the highest common divisor of 30 and l.
15
Let s(k) = 11*k**2 - 1. Let h be (6/9)/(4/18). Suppose 0 = 5*p - 2*o + h, -2*p - 1 = 2*p - 3*o. Let j be s(p). What is the greatest common factor of 25 and j?
5
Let d be (477/6)/(3/8). Let x be 1/(-3) + d/6. Let h be (-3)/1*5/(-3). What is the highest common divisor of x and h?
5
Suppose -5*o - 2*l + 50 = -l, o + 5*l = 34. What is the highest common divisor of o and 9?
9
Let y = -1090 + 672. Let m be (y/(-4))/((-8)/(-16)). What is the greatest common factor of 19 and m?
19
Let n(o) = o**3 + 9*o**2 + 4*o - 6. Let w be n(-8). Let g be 4/(-10) - 134/(-10). Calculate the highest common factor of g and w.
13
Let n(l) = 6*l**2 + l + 32. Let c be n(5). Suppose 85 = -g + 6*g. What is the highest common divisor of g and c?
17
Let b(p) = 15*p. Let x be b(2). Let z = -15 + x. Calculate the greatest common factor of 15 and z.
15
Let g(f) = f**2 - 13*f + 64. Let x be g(9). What is the greatest common factor of x and 7?
7
Suppose -z + 243 = -5*l, -2*l = 3*z + l - 729. Let n = -145 + z. Let u = -13 + 27. Calculate the highest common factor of u and n.
14
Let r(i) = 14*i - 2. Let s be r(8). Calculate the greatest common factor of 10 and s.
10
Let f be ((-36)/(-21))/(5/140). What is the greatest common factor of 32 and f?
16
Let i be 4/10 - 560/25. Let d = 38 - i. Let w = 40 - 28. What is the greatest common divisor of w and d?
12
Suppose s - 4 = 6. Suppose -3 = 2*p - 23. Calculate the greatest common factor of s and p.
10
Let b be ((-32)/(-80))/(1/30). Calculate the greatest common divisor of b and 12.
12
Suppose -3*x + 41 = 5*q - 3*q, -4*q + 102 = 2*x. Let j be (-8)/q - 10/14. Let t(i) = -61*i - 1. Let b be t(j). What is the highest common factor of 24 and b?
12
Let f = -11 + 11. Suppose 6*o - o - 5*a - 85 = f, 2*o - 41 = -5*a. Let p(t) = 2*t + 2. Let v be p(5). What is the greatest common divisor of o and v?
6
Suppose 4*o 